?
2
Let h(k) = 6*k**2 + 33*k - 3. Let u(z) = 5*z**2 + 32*z - 4. Let a(f) = 4*h(f) - 5*u(f). What is the units digit of a(-12)?
0
Let a(w) = 55*w - 95. What is the thousands digit of a(25)?
1
Suppose 3*c - 36 = 3*r + 36, 0 = -4*c - 3*r + 82. Let o be (-1)/5 + c/10. Suppose -4*v - o*y + 33 + 103 = 0, -134 = -4*v - 3*y. What is the units digit of v?
5
Let h = 3 - -8. Let u = h - 7. Suppose 0*d = u*d - 4. What is the units digit of d?
1
Let o(n) = -n**2 + 12*n - 11. Let l = -28 + 14. Let u be o(l). What is the tens digit of u/(-10) + 3/6?
3
Let j = -85 - -93. Suppose 508 = -4*p + j*p. What is the hundreds digit of p?
1
Let v be -3 - ((-149)/(-7) - (-4)/(-14)). Suppose -4*u = 2*m - 12, 4*m - u + 11 = -2*u. Let a = m - v. What is the tens digit of a?
2
Let c = 3 + -12. Let j(u) = -u**3 - 10*u**2 - 11*u + 4. What is the tens digit of j(c)?
2
Suppose 28 = -5*t + 8. What is the units digit of (-2)/t*1*52?
6
Let z(w) = 4*w**3 + 2*w**2 - 2*w - 2. Let o be (-24)/(-20)*(-50)/(-4). Let a = o - 13. What is the units digit of z(a)?
4
Suppose 6*i = 3*i + 72. Let u(x) = x. Let t be u(0). Suppose t = -4*s + s + 9, 3*k - 2*s - i = 0. What is the tens digit of k?
1
Let u be (8 - 1) + (-5 - -8). Suppose 0*k = 2*k - u. Suppose 3 - k = -2*i. What is the units digit of i?
1
Let u be 1*(0 - 0/(-2)). Let d(r) = 19 + 58 - 2*r - 9. What is the tens digit of d(u)?
6
Let u(i) = i**2 - 6*i - 5. Let z be u(7). Let o = z + 0. Let v(m) = 26*m. What is the tens digit of v(o)?
5
Let u = -5 + 8. Suppose -4*j + 13 = -2*j + u*p, 11 = 2*j + p. Suppose -2*z - 17 = -2*q + 9, 0 = -j*q - z + 41. What is the units digit of q?
9
Let o be (1 - -3)*10/(-8). Let r be (-3)/o - 14/(-10). Suppose -r*f = -2*t + 34, 3*t - 27 - 20 = 2*f. What is the units digit of t?
3
Let x(z) = -5*z**2 + 14*z + 10. Let o be x(9). Let k = 477 + o. What is the hundreds digit of k?
2
Suppose 2*y + 3*y = -3*y. Suppose y = -0*g - g + 97. What is the tens digit of g?
9
Let k = -2726 - -3912. What is the tens digit of k?
8
What is the hundreds digit of ((-28)/12 - -2) + (-529)/(-3)?
1
Let g(s) = s**3 + 23*s**2 + 47*s + 2. What is the hundreds digit of g(-11)?
9
Let r be ((-100)/35)/(10/(-35)). Suppose -24 = -3*h - 5*g, 22 = h + 2*g - 5*g. Let t = h - r. What is the units digit of t?
3
Suppose -2*h = -2*x - 385 + 2305, 3*x - 2910 = -3*h. What is the units digit of x?
5
Suppose 3*z + 56 = 7*z. Suppose 0 = h + f + 24, -4*f + z = -3*h + 2*h. What is the units digit of (55/(-2))/(h/44)?
5
Let p(g) = -2*g + 14. Let c be p(4). Suppose -46 = c*l - 502. What is the units digit of l?
6
Suppose 2*q + 146 = 528. Suppose -t = -q - 5. Suppose -126 = -7*x + t. What is the units digit of x?
6
Let t be -5*(0 - -9)*1. Let v = -16 - t. What is the units digit of v?
9
Let f = -26 + 36. Suppose f*c = 8*c + 14. What is the units digit of c?
7
Let g(c) = c**2 - 11*c - 2. Let v be g(11). What is the tens digit of 84 + (4 - -1 - -1)/v?
8
Suppose -14 = -5*g - 4*i + 16, 0 = 4*g - i - 3. Let z be (41 - g) + (-3)/(-3). Suppose 3*l - 35 = z. What is the tens digit of l?
2
Let f(d) = -d**2 - 14*d - 11. Let b be f(-10). Let z = -76 + b. Let w = z - -74. What is the units digit of w?
7
Let v(a) = -a**2 + 1. Let o be v(-3). Let c = o + 12. Suppose c*m = 2*m + 20. What is the units digit of m?
0
Let u(t) = 310*t + 7. Let o be u(7). Let c be o/(-3) + (-4)/12. What is the tens digit of 1/(-5) + c/(-30)?
2
Suppose d + 2 = 15. Let j = d - -28. What is the tens digit of j?
4
Let h(l) = -l + 10. Let u(r) = r + 14. Let j be u(-6). Let n be h(j). What is the units digit of -12*((-14)/4 + n)?
8
Suppose 2*b + 2 - 4 = 0. Let z be 4/((-3)/(-1) - b). Suppose z*j = 4*j - 28. What is the tens digit of j?
1
Let p = -197 - -458. What is the units digit of p?
1
Let u(n) = 12*n**2 - 4*n. Let p be u(-2). Let l = -28 + p. Suppose 7*w - l = 3*w. What is the units digit of w?
7
Suppose -1363 = -5*g - 3*w, 0 = -0*g - 2*g - 4*w + 548. What is the hundreds digit of g?
2
What is the thousands digit of -6*(4983/(-22) + -4)?
1
Suppose 3*j = 2*n + j - 90, 3*j - 90 = -2*n. Suppose -5*y = -550 - n. What is the tens digit of y?
1
Let j(q) = 2*q**3 + 20*q**2 + 2. Let g be j(-10). Let y(t) = 48*t**2 + 4*t - 7. What is the tens digit of y(g)?
9
Let z be (-600)/(-13) - 8/52. Suppose 3*v - 134 = z. What is the tens digit of v?
6
Let s(y) = -y. Let m be s(-4). Suppose 3*i + 22 = -4*p + 2, -p = -m*i + 5. Suppose 4*r = -i*r + 124. What is the tens digit of r?
3
Suppose -4*d = -20, -5*d - 173 = -b - 4*d. What is the tens digit of b?
7
Let l be -3 - -2 - (-3 + 0). Suppose 2*y + 4*i - 26 = 0, l*y - 4*i = -0*i + 66. What is the tens digit of y?
2
Let f be 1/((2/2)/2). Suppose j = f*a + 18 - 149, a - 58 = -j. What is the tens digit of a?
6
Suppose 2*v - n - 10 = 0, 0 = 2*v + 3*v + 5*n - 10. Suppose 0 = -5*p - v*q + 568, -2*p = 2*q - 191 - 35. What is the hundreds digit of p?
1
Suppose -5*h = -k + 20, 8 + 4 = -4*h. Suppose -s + 1 = 0, k*m - 2*s + 28 = s. What is the tens digit of (-15)/m*(9 - 0)?
2
Suppose 0 = 7*g - 3*g - 32. Let v(c) = -26 + 24 + 7*c - 4*c. What is the tens digit of v(g)?
2
Let u(s) = -5 + 3*s - s**3 + 6 - 4*s. Let t be u(1). Let m = 3 - t. What is the units digit of m?
4
Suppose -b + 3 = -0, -3*s - 3*b + 75 = 0. Let x = 34 - s. What is the tens digit of x?
1
Suppose -5*g + 934 = m + 25, 4 = 2*g. What is the units digit of m?
9
Let p(w) = -w**3 + w**2 - 54. Let z be p(0). Let c = 29 - z. What is the units digit of c?
3
Let r(t) = t**3 - 4*t**2 + 4*t - 5. Let a(x) = -2*x**3 + 7*x**2 - 8*x + 9. Let k(g) = -2*a(g) - 5*r(g). Let q be 110/25 - 4/10. What is the units digit of k(q)?
3
Let k = -247 - -263. What is the tens digit of k?
1
Suppose 713*j = 710*j + 12078. What is the hundreds digit of j?
0
Let w be 26/10 - 4/(-10). Let y be 6 + 1 + (-7)/14*8. Suppose -5*z - y*n = -54 - 128, w*z - n - 112 = 0. What is the tens digit of z?
3
Let w(v) = v**2 - 6*v + 4. Let c be w(6). Suppose 0 = -g - 3*n + 219, c*g - 3*n - 575 = 361. What is the tens digit of g?
3
Suppose t - 5*j - 25 = 0, -2*t - 7 - 8 = 3*j. Suppose -4*i = -t*i - 196. What is the units digit of i?
9
Let l(k) = 172*k - 1319. What is the tens digit of l(34)?
2
Let q(i) = -331*i - 369. What is the units digit of q(-13)?
4
Let m = -5 - -33. Suppose 4*q = -4*a + m, -3*q - 49 = -a - 3*a. What is the tens digit of a?
1
Let l(r) = 18*r**3 - 2*r**2 - 29. What is the tens digit of l(6)?
8
Let f = -1642 - -1896. What is the hundreds digit of f?
2
Let k = 359 - -499. What is the units digit of k?
8
Suppose -4*u + 12388 = 6*l, 16*u = -5*l + 20*u + 10360. What is the units digit of l?
8
Let w(n) be the second derivative of 1/2*n**3 + 1/12*n**4 - 4*n**2 + 4*n + 0. What is the tens digit of w(-6)?
1
Let z(u) = u**3 - 11*u**2 + 18*u + 1. Let h be z(9). What is the units digit of 18/(-9)*309/(-6)*h?
3
Suppose -3*m + 4*c + 894 = 0, 0 = -3*m - 0*c - 2*c + 894. What is the tens digit of m?
9
Suppose 0*f = f - 4. Suppose 5*p - 94 = f*m, -3*p + 122 = -5*m + p. Let o = m + 50. What is the units digit of o?
4
Suppose -a = a. Suppose a = 4*v + 52 - 376. What is the units digit of v?
1
What is the tens digit of (1479/(-174))/(-2*(-2)/(-1032))?
9
Let r be (-908)/(-36) + 0 + (-4)/18. Suppose 4*q - r = 7. What is the units digit of q?
8
Let d(r) = 36*r + 5. Let y be d(5). Let l = y + -59. Suppose 0 = 2*s + 38 - l. What is the tens digit of s?
4
Suppose 0 = 4*q + 3*a + 32 + 5, 0 = -2*q + a - 21. What is the units digit of 2/4 + (-705)/q?
1
Suppose 120 = v - 270. What is the hundreds digit of v?
3
Suppose 19*o + 367 = 9639. What is the units digit of o?
8
Suppose 33*n + 214 = 1402. What is the tens digit of n?
3
Let y(f) = f**2 - 14*f + 2. Let r be y(14). Suppose -6 = -4*s + r. What is the units digit of (-855)/(-25) + s/(-10)?
4
Let k = -93 + 103. Let j(l) = -l**2 + 18*l - 29. What is the units digit of j(k)?
1
Let b = -256 + 399. What is the tens digit of b?
4
Let c(s) = -58*s + 20. Let t be c(-8). What is the units digit of ((-10)/4 - -4)*t/6?
1
Let q be (2/3)/((-6)/(-117)). Let v = 14 - q. What is the units digit of v*(-7)/((-14)/8)?
4
Let b(x) be the second derivative of -x**6/120 + x**4/8 - 2*x**3/3 - 7*x**2/2 + 5*x. Let l(z) be the first derivative of b(z). What is the tens digit of l(-3)?
1
Suppose -c - 3*x + 186 = 0, -3*x + 518 = -5*c + 1394. Supp